prime factors of 13178?
2, 11, 599
List the prime factors of 13783.
7, 11, 179
List the prime factors of 6132.
2, 3, 7, 73
List the prime factors of 1686.
2, 3, 281
What are the prime factors of 96947?
29, 3343
What are the prime factors of 1371?
3, 457
List the prime factors of 3364.
2, 29
What are the prime factors of 5701?
5701
List the prime factors of 1149.
3, 383
What are the prime factors of 113180?
2, 5, 5659
List the prime factors of 140.
2, 5, 7
List the prime factors of 3369.
3, 1123
List the prime factors of 27652.
2, 31, 223
What are the prime factors of 8405?
5, 41
What are the prime factors of 8843?
37, 239
List the prime factors of 18974.
2, 53, 179
What are the prime factors of 1813?
7, 37
List the prime factors of 2120.
2, 5, 53
List the prime factors of 42742.
2, 7, 43, 71
What are the prime factors of 97594?
2, 7, 6971
List the prime factors of 563.
563
What are the prime factors of 58364?
2, 14591
What are the prime factors of 24041?
29, 829
List the prime factors of 8445.
3, 5, 563
List the prime factors of 14318.
2, 7159
List the prime factors of 1309.
7, 11, 17
What are the prime factors of 17686?
2, 37, 239
What are the prime factors of 5783?
5783
What are the prime factors of 159734?
2, 79867
What are the prime factors of 271?
271
What are the prime factors of 1556?
2, 389
What are the prime factors of 2966?
2, 1483
What are the prime factors of 3672?
2, 3, 17
What are the prime factors of 597?
3, 199
What are the prime factors of 6781?
6781
What are the prime factors of 146100?
2, 3, 5, 487
List the prime factors of 675.
3, 5
What are the prime factors of 224?
2, 7
List the prime factors of 27190.
2, 5, 2719
What are the prime factors of 43666?
2, 7, 3119
List the prime factors of 443.
443
What are the prime factors of 15177?
3, 5059
List the prime factors of 49565.
5, 23, 431
List the prime factors of 13620.
2, 3, 5, 227
What are the prime factors of 28758?
2, 3, 4793
List the prime factors of 4078.
2, 2039
List the prime factors of 25435.
5, 5087
What are the prime factors of 2899?
13, 223
What are the prime factors of 237?
3, 79
What are the prime factors of 11383?
11383
What are the prime factors of 97458?
2, 3, 37, 439
What are the prime factors of 16147?
67, 241
List the prime factors of 6951.
3, 7, 331
What are the prime factors of 4347?
3, 7, 23
What are the prime factors of 5163?
3, 1721
What are the prime factors of 91749?
3, 7, 17, 257
What are the prime factors of 294?
2, 3, 7
List the prime factors of 47623.
47623
What are the prime factors of 123490?
2, 5, 53, 233
What are the prime factors of 2153?
2153
List the prime factors of 41821.
13, 3217
What are the prime factors of 175?
5, 7
What are the prime factors of 162435?
3, 5, 7, 13, 17
List the prime factors of 1584.
2, 3, 11
What are the prime factors of 9302?
2, 4651
What are the prime factors of 6514?
2, 3257
List the prime factors of 1648.
2, 103
What are the prime factors of 7446?
2, 3, 17, 73
What are the prime factors of 1696?
2, 53
What are the prime factors of 427?
7, 61
What are the prime factors of 13537?
13537
List the prime factors of 134.
2, 67
List the prime factors of 58488.
2, 3, 2437
List the prime factors of 197.
197
What are the prime factors of 39379?
53, 743
What are the prime factors of 72248?
2, 11, 821
What are the prime factors of 1711?
29, 59
List the prime factors of 6786.
2, 3, 13, 29
What are the prime factors of 1870?
2, 5, 11, 17
What are the prime factors of 5839?
5839
What are the prime factors of 634?
2, 317
List the prime factors of 32661.
3, 19, 191
List the prime factors of 11195.
5, 2239
What are the prime factors of 87533?
17, 19, 271
List the prime factors of 9958.
2, 13, 383
What are the prime factors of 1401?
3, 467
What are the prime factors of 2026?
2, 1013
List the prime factors of 1269.
3, 47
What are the prime factors of 2729?
2729
List the prime factors of 5437.
5437
List the prime factors of 18404.
2, 43, 107
What are the prime factors of 61583?
61583
What are the prime factors of 26546?
2, 13, 1021
What are the prime factors of 2210?
2, 5, 13, 17
What are the prime factors of 36868?
2, 13, 709
What are the prime factors of 34602?
2, 3, 73, 79
List the prime factors of 380.
2, 5, 19
What are the prime factors of 9890?
2, 5, 23, 43
List the prime factors of 186.
2, 3, 31
List the prime factors of 8673.
3, 7, 59
List the prime factors of 906.
2, 3, 151
List the prime factors of 746.
2, 373
List the prime factors of 14071.
14071
What are the prime factors of 6626?
2, 3313
List the prime factors of 51933.
3, 7, 2473
What are the prime factors of 1336?
2, 167
List the prime factors of 921.
3, 307
List the prime factors of 3661.
7, 523
List the prime factors of 7635.
3, 5, 509
List the prime factors of 501.
3, 167
What are the prime factors of 199552?
2, 1559
List the prime factors of 38135.
5, 29, 263
What are the prime factors of 1987?
1987
List the prime factors of 757.
757
List the prime factors of 700.
2, 5, 7
List the prime factors of 703.
19, 37
List the prime factors of 11686.
2, 5843
What are the prime factors of 16386?
2, 3, 2731
List the prime factors of 34102.
2, 17, 59
What are the prime factors of 317?
317
What are the prime factors of 94?
2, 47
What are the prime factors of 30808?
2, 3851
List the prime factors of 75.
3, 5
What are the prime factors of 19579?
7, 2797
List the prime factors of 10462.
2, 5231
What are the prime factors of 16733?
29, 577
What are the prime factors of 37608?
2, 3, 1567
List the prime factors of 29.
29
What are the prime factors of 56?
2, 7
List the prime factors of 13538.
2, 7, 967
List the prime factors of 68434.
2, 34217
List the prime factors of 26777.
26777
List the prime factors of 14092.
2, 13, 271
What are the prime factors of 1037?
17, 61
List the prime factors of 77346.
2, 3, 4297
List the prime factors of 26508.
2, 3, 47
List the prime factors of 11901.
3, 3967
List the prime factors of 10148.
2, 43, 59
List the prime factors of 13783.
7, 11, 179
List the prime factors of 2464.
2, 7, 11
What are the prime factors of 905?
5, 181
What are the prime factors of 1627?
1627
List the prime factors of 10818.
2, 3, 601
What are the prime factors of 791?
7, 113
List the prime factors of 11233.
47, 239
List the prime factors of 948.
2, 3, 79
What are the prime factors of 90707?
61, 1487
List the prime factors of 1178.
2, 19, 31
List the prime factors of 161.
7, 23
List the prime factors of 925.
5, 37
What are the prime factors of 6027?
3, 7, 41
List the prime factors of 1565.
5, 313
What are the prime factors of 498?
2, 3, 83
List the prime factors of 103388.
2, 25847
List the prime factors of 60344.
2, 19, 397
List the prime factors of 15869.
7, 2267
What are the prime factors of 79754?
2, 39877
What are the prime factors of 8378?
2, 59, 71
What are the prime factors of 1431?
3, 53
What are the prime factors of 2830?
2, 5, 283
List the prime factors of 2121.
3, 7, 101
List the prime factors of 56.
2, 7
List the prime factors of 12914.
2, 11, 587
What are the prime factors of 9410?
2, 5, 941
What are the prime factors of 2796?
2, 3, 233
List the prime factors of 5337.
3, 593
List the prime factors of 64327.
64327
What are the prime factors of 16564?
2, 41, 101
What are the prime factors of 2949?
3, 983
What are the prime factors of 95795?
5, 7, 17, 23
List the prime factors of 8698.
2, 4349
What are the prime factors of 915?
3, 5, 61
List the prime factors of 14615.
5, 37, 79
List the prime factors of 33007.
13, 2539
What are the prime factors of 1045?
5, 11, 19
What are the prime factors of 4774?
2, 7, 11, 31
What are the prime factors of 73836?
2, 3, 7, 293
What are the prime factors of 6859?
19
List the prime factors of 10201.
101
What are the prime factors of 148866?
2, 3, 43, 577
List the prime factors of 1623.
3, 541
List the prime factors of 5951.
11, 541
What are the prime factors of 14295?
3, 5, 953
What are the prime factors of 1555?
5, 311
What are the prime factors of 50695?
5, 10139
What are the prime factors of 564?
2, 3, 47
What are the prime factors of 33077?
11, 31, 97
What are the prime factors of 5330?
2, 5, 13, 41
What are the prime factors of 493?
17, 29
List the prime factors of 10739.
10739
List the prime factors of 9848.
2, 1231
What ar